{"id":218,"date":"2016-09-20T09:52:44","date_gmt":"2016-09-20T09:52:44","guid":{"rendered":"http:\/\/religia.slowacki.edu.pl\/?page_id=218"},"modified":"2016-09-20T10:43:23","modified_gmt":"2016-09-20T10:43:23","slug":"varia","status":"publish","type":"page","link":"https:\/\/religia.slowacki.edu.pl\/?page_id=218","title":{"rendered":"Varia"},"content":{"rendered":"<blockquote>\n<p style=\"text-align: center;\">Olimpiada Teologii Katolickiej &#8211; etap diecezjalny (Katowice WTl U\u015a) 2016<\/p>\n<p style=\"text-align: center;\"><a href=\"http:\/\/religia.slowacki.edu.pl\/wp-content\/uploads\/2016\/09\/DSC_1665.jpg\"><img loading=\"lazy\" class=\"aligncenter size-medium wp-image-252\" src=\"http:\/\/religia.slowacki.edu.pl\/wp-content\/uploads\/2016\/09\/DSC_1665-300x225.jpg\" alt=\"dsc_1665\" width=\"300\" height=\"225\" srcset=\"https:\/\/religia.slowacki.edu.pl\/wp-content\/uploads\/2016\/09\/DSC_1665-300x225.jpg 300w, https:\/\/religia.slowacki.edu.pl\/wp-content\/uploads\/2016\/09\/DSC_1665-768x576.jpg 768w, https:\/\/religia.slowacki.edu.pl\/wp-content\/uploads\/2016\/09\/DSC_1665-1024x768.jpg 1024w\" sizes=\"(max-width: 300px) 100vw, 300px\" \/><\/a><\/p>\n<blockquote>\n<p style=\"text-align: center;\">Warsztaty weekendowe &#8211; Wis\u0142a Jawornik 2015<\/p>\n<\/blockquote>\n<p style=\"text-align: center;\"><a href=\"http:\/\/religia.slowacki.edu.pl\/wp-content\/uploads\/2016\/09\/DSC_1782.jpg\"><img loading=\"lazy\" class=\"aligncenter size-medium wp-image-253\" src=\"http:\/\/religia.slowacki.edu.pl\/wp-content\/uploads\/2016\/09\/DSC_1782-300x225.jpg\" alt=\"dsc_1782\" width=\"300\" height=\"225\" srcset=\"https:\/\/religia.slowacki.edu.pl\/wp-content\/uploads\/2016\/09\/DSC_1782-300x225.jpg 300w, https:\/\/religia.slowacki.edu.pl\/wp-content\/uploads\/2016\/09\/DSC_1782-768x576.jpg 768w, https:\/\/religia.slowacki.edu.pl\/wp-content\/uploads\/2016\/09\/DSC_1782-1024x768.jpg 1024w\" sizes=\"(max-width: 300px) 100vw, 300px\" \/><\/a> <a href=\"http:\/\/religia.slowacki.edu.pl\/wp-content\/uploads\/2016\/09\/DSC_1784.jpg\"><img loading=\"lazy\" class=\"aligncenter size-medium wp-image-254\" src=\"http:\/\/religia.slowacki.edu.pl\/wp-content\/uploads\/2016\/09\/DSC_1784-300x225.jpg\" alt=\"dsc_1784\" width=\"300\" height=\"225\" srcset=\"https:\/\/religia.slowacki.edu.pl\/wp-content\/uploads\/2016\/09\/DSC_1784-300x225.jpg 300w, https:\/\/religia.slowacki.edu.pl\/wp-content\/uploads\/2016\/09\/DSC_1784-768x576.jpg 768w, https:\/\/religia.slowacki.edu.pl\/wp-content\/uploads\/2016\/09\/DSC_1784-1024x768.jpg 1024w\" sizes=\"(max-width: 300px) 100vw, 300px\" \/><\/a><\/p>\n<p style=\"text-align: center;\">Olimpiada Teologii Katolickiej &#8211; etap diecezjalny (Katowice WTl U\u015a) 2015<\/p>\n<p><a href=\"http:\/\/religia.slowacki.edu.pl\/wp-content\/uploads\/2016\/09\/OTK-2014b.jpg\"><img loading=\"lazy\" class=\"aligncenter size-medium wp-image-249\" src=\"http:\/\/religia.slowacki.edu.pl\/wp-content\/uploads\/2016\/09\/OTK-2014b-300x225.jpg\" alt=\"otk-2014b\" width=\"300\" height=\"225\" srcset=\"https:\/\/religia.slowacki.edu.pl\/wp-content\/uploads\/2016\/09\/OTK-2014b-300x225.jpg 300w, https:\/\/religia.slowacki.edu.pl\/wp-content\/uploads\/2016\/09\/OTK-2014b-768x576.jpg 768w, https:\/\/religia.slowacki.edu.pl\/wp-content\/uploads\/2016\/09\/OTK-2014b-1024x768.jpg 1024w\" sizes=\"(max-width: 300px) 100vw, 300px\" \/><\/a><a href=\"http:\/\/religia.slowacki.edu.pl\/wp-content\/uploads\/2016\/09\/OTK-2014a.jpg\"><img loading=\"lazy\" class=\"aligncenter size-medium wp-image-250\" src=\"http:\/\/religia.slowacki.edu.pl\/wp-content\/uploads\/2016\/09\/OTK-2014a-300x225.jpg\" alt=\"otk-2014a\" width=\"300\" height=\"225\" srcset=\"https:\/\/religia.slowacki.edu.pl\/wp-content\/uploads\/2016\/09\/OTK-2014a-300x225.jpg 300w, https:\/\/religia.slowacki.edu.pl\/wp-content\/uploads\/2016\/09\/OTK-2014a-768x576.jpg 768w, https:\/\/religia.slowacki.edu.pl\/wp-content\/uploads\/2016\/09\/OTK-2014a-1024x768.jpg 1024w\" sizes=\"(max-width: 300px) 100vw, 300px\" \/><\/a><\/p>\n<p style=\"text-align: center;\">\u00a0Zima &#8211; Sto\u017cek 2015<\/p>\n<p style=\"text-align: center;\"><a href=\"http:\/\/religia.slowacki.edu.pl\/wp-content\/uploads\/2016\/09\/0Sto\u017cek2015a.jpg\"><img loading=\"lazy\" class=\"aligncenter size-medium wp-image-231\" src=\"http:\/\/religia.slowacki.edu.pl\/wp-content\/uploads\/2016\/09\/0Sto\u017cek2015a-300x200.jpg\" alt=\"0stozek2015a\" width=\"300\" height=\"200\" srcset=\"https:\/\/religia.slowacki.edu.pl\/wp-content\/uploads\/2016\/09\/0Sto\u017cek2015a-300x200.jpg 300w, https:\/\/religia.slowacki.edu.pl\/wp-content\/uploads\/2016\/09\/0Sto\u017cek2015a-768x511.jpg 768w, https:\/\/religia.slowacki.edu.pl\/wp-content\/uploads\/2016\/09\/0Sto\u017cek2015a-1024x682.jpg 1024w, https:\/\/religia.slowacki.edu.pl\/wp-content\/uploads\/2016\/09\/0Sto\u017cek2015a.jpg 1920w\" sizes=\"(max-width: 300px) 100vw, 300px\" \/><\/a><a href=\"http:\/\/religia.slowacki.edu.pl\/wp-content\/uploads\/2016\/09\/0Sto\u017cek2015-1.jpg\"><img loading=\"lazy\" class=\"aligncenter size-medium wp-image-230\" src=\"http:\/\/religia.slowacki.edu.pl\/wp-content\/uploads\/2016\/09\/0Sto\u017cek2015-1-300x200.jpg\" alt=\"0stozek2015\" width=\"300\" height=\"200\" srcset=\"https:\/\/religia.slowacki.edu.pl\/wp-content\/uploads\/2016\/09\/0Sto\u017cek2015-1-300x200.jpg 300w, https:\/\/religia.slowacki.edu.pl\/wp-content\/uploads\/2016\/09\/0Sto\u017cek2015-1-768x511.jpg 768w, https:\/\/religia.slowacki.edu.pl\/wp-content\/uploads\/2016\/09\/0Sto\u017cek2015-1-1024x682.jpg 1024w, https:\/\/religia.slowacki.edu.pl\/wp-content\/uploads\/2016\/09\/0Sto\u017cek2015-1.jpg 1920w\" sizes=\"(max-width: 300px) 100vw, 300px\" \/><\/a><a href=\"http:\/\/religia.slowacki.edu.pl\/wp-content\/uploads\/2016\/09\/0Sto\u017cek2015c.jpg\"><img loading=\"lazy\" class=\"aligncenter size-medium wp-image-229\" src=\"http:\/\/religia.slowacki.edu.pl\/wp-content\/uploads\/2016\/09\/0Sto\u017cek2015c-300x200.jpg\" alt=\"0stozek2015c\" width=\"300\" height=\"200\" srcset=\"https:\/\/religia.slowacki.edu.pl\/wp-content\/uploads\/2016\/09\/0Sto\u017cek2015c-300x200.jpg 300w, https:\/\/religia.slowacki.edu.pl\/wp-content\/uploads\/2016\/09\/0Sto\u017cek2015c-768x511.jpg 768w, https:\/\/religia.slowacki.edu.pl\/wp-content\/uploads\/2016\/09\/0Sto\u017cek2015c-1024x682.jpg 1024w, https:\/\/religia.slowacki.edu.pl\/wp-content\/uploads\/2016\/09\/0Sto\u017cek2015c.jpg 1920w\" sizes=\"(max-width: 300px) 100vw, 300px\" \/><\/a><a href=\"http:\/\/religia.slowacki.edu.pl\/wp-content\/uploads\/2016\/09\/0Sto\u017cek2015d.jpg\"><img loading=\"lazy\" class=\"aligncenter size-medium wp-image-235\" src=\"http:\/\/religia.slowacki.edu.pl\/wp-content\/uploads\/2016\/09\/0Sto\u017cek2015d-300x200.jpg\" alt=\"0stozek2015d\" width=\"300\" height=\"200\" srcset=\"https:\/\/religia.slowacki.edu.pl\/wp-content\/uploads\/2016\/09\/0Sto\u017cek2015d-300x200.jpg 300w, https:\/\/religia.slowacki.edu.pl\/wp-content\/uploads\/2016\/09\/0Sto\u017cek2015d-768x511.jpg 768w, https:\/\/religia.slowacki.edu.pl\/wp-content\/uploads\/2016\/09\/0Sto\u017cek2015d-1024x682.jpg 1024w, https:\/\/religia.slowacki.edu.pl\/wp-content\/uploads\/2016\/09\/0Sto\u017cek2015d.jpg 1920w\" sizes=\"(max-width: 300px) 100vw, 300px\" \/><\/a><a href=\"http:\/\/religia.slowacki.edu.pl\/wp-content\/uploads\/2016\/09\/0Sto\u017cek2015e.jpg\"><img loading=\"lazy\" class=\"aligncenter size-medium wp-image-234\" src=\"http:\/\/religia.slowacki.edu.pl\/wp-content\/uploads\/2016\/09\/0Sto\u017cek2015e-300x200.jpg\" alt=\"0stozek2015e\" width=\"300\" height=\"200\" srcset=\"https:\/\/religia.slowacki.edu.pl\/wp-content\/uploads\/2016\/09\/0Sto\u017cek2015e-300x200.jpg 300w, https:\/\/religia.slowacki.edu.pl\/wp-content\/uploads\/2016\/09\/0Sto\u017cek2015e-768x511.jpg 768w, https:\/\/religia.slowacki.edu.pl\/wp-content\/uploads\/2016\/09\/0Sto\u017cek2015e-1024x682.jpg 1024w, https:\/\/religia.slowacki.edu.pl\/wp-content\/uploads\/2016\/09\/0Sto\u017cek2015e.jpg 1920w\" sizes=\"(max-width: 300px) 100vw, 300px\" \/><\/a><\/p>\n<p style=\"text-align: center;\">Ewangelizacja &#8211; Warszawa (Pepsi Arena) 2014 <a href=\"http:\/\/religia.slowacki.edu.pl\/wp-content\/uploads\/2016\/09\/Ewangelizacja-Warszawa-2014b.jpg\"><img loading=\"lazy\" class=\"aligncenter size-medium wp-image-240\" src=\"http:\/\/religia.slowacki.edu.pl\/wp-content\/uploads\/2016\/09\/Ewangelizacja-Warszawa-2014b-300x225.jpg\" alt=\"ewangelizacja-warszawa-2014b\" width=\"300\" height=\"225\" srcset=\"https:\/\/religia.slowacki.edu.pl\/wp-content\/uploads\/2016\/09\/Ewangelizacja-Warszawa-2014b-300x225.jpg 300w, https:\/\/religia.slowacki.edu.pl\/wp-content\/uploads\/2016\/09\/Ewangelizacja-Warszawa-2014b-768x576.jpg 768w, https:\/\/religia.slowacki.edu.pl\/wp-content\/uploads\/2016\/09\/Ewangelizacja-Warszawa-2014b-1024x768.jpg 1024w\" sizes=\"(max-width: 300px) 100vw, 300px\" \/><\/a><a href=\"http:\/\/religia.slowacki.edu.pl\/wp-content\/uploads\/2016\/09\/Ewangelizacja-Warszawa-2014a-1.jpg\"><img loading=\"lazy\" class=\"aligncenter size-medium wp-image-241\" src=\"http:\/\/religia.slowacki.edu.pl\/wp-content\/uploads\/2016\/09\/Ewangelizacja-Warszawa-2014a-1-300x169.jpg\" alt=\"ewangelizacja-warszawa-2014a\" width=\"300\" height=\"169\" srcset=\"https:\/\/religia.slowacki.edu.pl\/wp-content\/uploads\/2016\/09\/Ewangelizacja-Warszawa-2014a-1-300x169.jpg 300w, https:\/\/religia.slowacki.edu.pl\/wp-content\/uploads\/2016\/09\/Ewangelizacja-Warszawa-2014a-1-768x432.jpg 768w, https:\/\/religia.slowacki.edu.pl\/wp-content\/uploads\/2016\/09\/Ewangelizacja-Warszawa-2014a-1-1024x576.jpg 1024w, https:\/\/religia.slowacki.edu.pl\/wp-content\/uploads\/2016\/09\/Ewangelizacja-Warszawa-2014a-1.jpg 1280w\" sizes=\"(max-width: 300px) 100vw, 300px\" \/><\/a><a style=\"text-align: center;\" href=\"http:\/\/religia.slowacki.edu.pl\/wp-content\/uploads\/2016\/09\/Ewangelizacja-Warszawa-2014c.jpg\"><img loading=\"lazy\" class=\"aligncenter size-medium wp-image-238\" src=\"http:\/\/religia.slowacki.edu.pl\/wp-content\/uploads\/2016\/09\/Ewangelizacja-Warszawa-2014c-300x225.jpg\" alt=\"ewangelizacja-warszawa-2014c\" width=\"300\" height=\"225\" srcset=\"https:\/\/religia.slowacki.edu.pl\/wp-content\/uploads\/2016\/09\/Ewangelizacja-Warszawa-2014c-300x225.jpg 300w, https:\/\/religia.slowacki.edu.pl\/wp-content\/uploads\/2016\/09\/Ewangelizacja-Warszawa-2014c-768x576.jpg 768w, https:\/\/religia.slowacki.edu.pl\/wp-content\/uploads\/2016\/09\/Ewangelizacja-Warszawa-2014c-1024x768.jpg 1024w\" sizes=\"(max-width: 300px) 100vw, 300px\" \/><\/a><\/p>\n<p style=\"text-align: center;\">\n<\/blockquote>\n<blockquote>\n<p style=\"text-align: center;\">Mega Widowisko &#8222;Franciszek &#8211; wezwanie z Asy\u017cu&#8221; (Spodek) 2013<\/p>\n<p style=\"text-align: center;\"><a href=\"http:\/\/religia.slowacki.edu.pl\/wp-content\/uploads\/2016\/09\/Spodek-2013c.jpg\"><img loading=\"lazy\" class=\"aligncenter size-medium wp-image-244\" src=\"http:\/\/religia.slowacki.edu.pl\/wp-content\/uploads\/2016\/09\/Spodek-2013c-225x300.jpg\" alt=\"spodek-2013c\" width=\"225\" height=\"300\" srcset=\"https:\/\/religia.slowacki.edu.pl\/wp-content\/uploads\/2016\/09\/Spodek-2013c-225x300.jpg 225w, https:\/\/religia.slowacki.edu.pl\/wp-content\/uploads\/2016\/09\/Spodek-2013c-768x1024.jpg 768w\" sizes=\"(max-width: 225px) 100vw, 225px\" \/><\/a><a href=\"http:\/\/religia.slowacki.edu.pl\/wp-content\/uploads\/2016\/09\/Spodek-2013a-1.jpg\"><img loading=\"lazy\" class=\"aligncenter size-medium wp-image-243\" src=\"http:\/\/religia.slowacki.edu.pl\/wp-content\/uploads\/2016\/09\/Spodek-2013a-1-300x225.jpg\" alt=\"spodek-2013a\" width=\"300\" height=\"225\" srcset=\"https:\/\/religia.slowacki.edu.pl\/wp-content\/uploads\/2016\/09\/Spodek-2013a-1-300x225.jpg 300w, https:\/\/religia.slowacki.edu.pl\/wp-content\/uploads\/2016\/09\/Spodek-2013a-1-768x576.jpg 768w, https:\/\/religia.slowacki.edu.pl\/wp-content\/uploads\/2016\/09\/Spodek-2013a-1-1024x768.jpg 1024w\" sizes=\"(max-width: 300px) 100vw, 300px\" \/><\/a><a href=\"http:\/\/religia.slowacki.edu.pl\/wp-content\/uploads\/2016\/09\/Spodek-2013b.jpg\"><img loading=\"lazy\" class=\"aligncenter size-medium wp-image-245\" src=\"http:\/\/religia.slowacki.edu.pl\/wp-content\/uploads\/2016\/09\/Spodek-2013b-300x225.jpg\" alt=\"spodek-2013b\" width=\"300\" height=\"225\" srcset=\"https:\/\/religia.slowacki.edu.pl\/wp-content\/uploads\/2016\/09\/Spodek-2013b-300x225.jpg 300w, https:\/\/religia.slowacki.edu.pl\/wp-content\/uploads\/2016\/09\/Spodek-2013b-768x576.jpg 768w, https:\/\/religia.slowacki.edu.pl\/wp-content\/uploads\/2016\/09\/Spodek-2013b-1024x768.jpg 1024w\" sizes=\"(max-width: 300px) 100vw, 300px\" \/><\/a><\/p>\n<\/blockquote>\n","protected":false},"excerpt":{"rendered":"<p>Olimpiada Teologii Katolickiej &#8211; etap diecezjalny (Katowice WTl U\u015a) 2016 Warsztaty weekendowe &#8211; Wis\u0142a Jawornik 2015 Olimpiada Teologii Katolickiej &#8211; etap diecezjalny (Katowice WTl U\u015a) 2015 \u00a0Zima &#8211; Sto\u017cek 2015 Ewangelizacja &#8211; Warszawa (Pepsi Arena) 2014 Mega Widowisko &#8222;Franciszek &#8211; wezwanie z Asy\u017cu&#8221; (Spodek) 2013<\/p>\n","protected":false},"author":3,"featured_media":0,"parent":127,"menu_order":99,"comment_status":"closed","ping_status":"closed","template":"","meta":[],"_links":{"self":[{"href":"https:\/\/religia.slowacki.edu.pl\/index.php?rest_route=\/wp\/v2\/pages\/218"}],"collection":[{"href":"https:\/\/religia.slowacki.edu.pl\/index.php?rest_route=\/wp\/v2\/pages"}],"about":[{"href":"https:\/\/religia.slowacki.edu.pl\/index.php?rest_route=\/wp\/v2\/types\/page"}],"author":[{"embeddable":true,"href":"https:\/\/religia.slowacki.edu.pl\/index.php?rest_route=\/wp\/v2\/users\/3"}],"replies":[{"embeddable":true,"href":"https:\/\/religia.slowacki.edu.pl\/index.php?rest_route=%2Fwp%2Fv2%2Fcomments&post=218"}],"version-history":[{"count":10,"href":"https:\/\/religia.slowacki.edu.pl\/index.php?rest_route=\/wp\/v2\/pages\/218\/revisions"}],"predecessor-version":[{"id":255,"href":"https:\/\/religia.slowacki.edu.pl\/index.php?rest_route=\/wp\/v2\/pages\/218\/revisions\/255"}],"up":[{"embeddable":true,"href":"https:\/\/religia.slowacki.edu.pl\/index.php?rest_route=\/wp\/v2\/pages\/127"}],"wp:attachment":[{"href":"https:\/\/religia.slowacki.edu.pl\/index.php?rest_route=%2Fwp%2Fv2%2Fmedia&parent=218"}],"curies":[{"name":"wp","href":"https:\/\/api.w.org\/{rel}","templated":true}]}}