{"id":283,"date":"2016-09-21T07:46:49","date_gmt":"2016-09-21T07:46:49","guid":{"rendered":"http:\/\/religia.slowacki.edu.pl\/?page_id=283"},"modified":"2016-09-21T07:51:31","modified_gmt":"2016-09-21T07:51:31","slug":"inne","status":"publish","type":"page","link":"https:\/\/religia.slowacki.edu.pl\/?page_id=283","title":{"rendered":"Inne"},"content":{"rendered":"<p><a href=\"http:\/\/religia.slowacki.edu.pl\/wp-content\/uploads\/2016\/09\/publ1.jpg\"><img loading=\"lazy\" class=\"alignright wp-image-300 \" src=\"http:\/\/religia.slowacki.edu.pl\/wp-content\/uploads\/2016\/09\/publ1-300x95.jpg\" alt=\"publ1\" width=\"521\" height=\"165\" srcset=\"https:\/\/religia.slowacki.edu.pl\/wp-content\/uploads\/2016\/09\/publ1-300x95.jpg 300w, https:\/\/religia.slowacki.edu.pl\/wp-content\/uploads\/2016\/09\/publ1-768x243.jpg 768w, https:\/\/religia.slowacki.edu.pl\/wp-content\/uploads\/2016\/09\/publ1.jpg 960w\" sizes=\"(max-width: 521px) 100vw, 521px\" \/><\/a><\/p>\n<p><a href=\"http:\/\/religia.slowacki.edu.pl\/wp-content\/uploads\/2016\/09\/Adrianna-Nowakowska.docx\">Adrianna Nowakowska<\/a><\/p>\n<p><a href=\"http:\/\/religia.slowacki.edu.pl\/wp-content\/uploads\/2016\/09\/Agnieszka-Paj\u0105k.docx\">Agnieszka Paj\u0105k<\/a><\/p>\n<p><a href=\"http:\/\/religia.slowacki.edu.pl\/wp-content\/uploads\/2016\/09\/Aleksandra-Bogacka.docx\">Aleksandra Bogacka<\/a><\/p>\n<p><a href=\"http:\/\/religia.slowacki.edu.pl\/wp-content\/uploads\/2016\/09\/Alicja-Mazur-1.docx\">Alicja Mazur<\/a><\/p>\n<p><a href=\"http:\/\/religia.slowacki.edu.pl\/wp-content\/uploads\/2016\/09\/Aneta-Skura.docx\">Aneta Skura<\/a><\/p>\n<p><a href=\"http:\/\/religia.slowacki.edu.pl\/wp-content\/uploads\/2016\/09\/Barbara-Olszewska.docx\">Barbara Olszewska<\/a><\/p>\n<p><a href=\"http:\/\/religia.slowacki.edu.pl\/wp-content\/uploads\/2016\/09\/Kamila-Gawlik-1.docx\">Kamila Gawlik<\/a><\/p>\n<p><a href=\"http:\/\/religia.slowacki.edu.pl\/wp-content\/uploads\/2016\/09\/Karolina-Zysek.docx\">Karolina Zysek<\/a><\/p>\n<p><a href=\"http:\/\/religia.slowacki.edu.pl\/wp-content\/uploads\/2016\/09\/Katarzyna-Ksi\u0105\u017cek.docx\">Katarzyna Ksi\u0105\u017cek<\/a><\/p>\n<p><a href=\"http:\/\/religia.slowacki.edu.pl\/wp-content\/uploads\/2016\/09\/Katarzyna-Urbisz.docx\">Katarzyna Urbisz<\/a><\/p>\n<p><a href=\"http:\/\/religia.slowacki.edu.pl\/wp-content\/uploads\/2016\/09\/Maria-Wa\u0142ach-1.docx\">Maria Wa\u0142ach<\/a><\/p>\n<p><a href=\"http:\/\/religia.slowacki.edu.pl\/wp-content\/uploads\/2016\/09\/Martyna-Kio\u0142basa-1.docx\">Martyna Kio\u0142basa<\/a><\/p>\n<p><a href=\"http:\/\/religia.slowacki.edu.pl\/wp-content\/uploads\/2016\/09\/Martyna-Ostrowska.docx\">Martyna Ostrowska<\/a><\/p>\n<p><a href=\"http:\/\/religia.slowacki.edu.pl\/wp-content\/uploads\/2016\/09\/Marzena-Majchrzak.docx\">Marzena Majchrzak<\/a><\/p>\n<p><a href=\"http:\/\/religia.slowacki.edu.pl\/wp-content\/uploads\/2016\/09\/Nicole-Mirga.docx\">Nicole Mirga<\/a><\/p>\n<p><a href=\"http:\/\/religia.slowacki.edu.pl\/wp-content\/uploads\/2016\/09\/Wiktoria-Czotyrbuk.docx\">Wiktoria Czotyrbuk<\/a><\/p>\n","protected":false},"excerpt":{"rendered":"<p>Adrianna Nowakowska Agnieszka Paj\u0105k Aleksandra Bogacka Alicja Mazur Aneta Skura Barbara Olszewska Kamila Gawlik Karolina Zysek Katarzyna Ksi\u0105\u017cek Katarzyna Urbisz Maria Wa\u0142ach Martyna Kio\u0142basa Martyna Ostrowska Marzena Majchrzak Nicole Mirga Wiktoria Czotyrbuk<\/p>\n","protected":false},"author":3,"featured_media":0,"parent":96,"menu_order":99,"comment_status":"closed","ping_status":"closed","template":"template-single-column.php","meta":[],"_links":{"self":[{"href":"https:\/\/religia.slowacki.edu.pl\/index.php?rest_route=\/wp\/v2\/pages\/283"}],"collection":[{"href":"https:\/\/religia.slowacki.edu.pl\/index.php?rest_route=\/wp\/v2\/pages"}],"about":[{"href":"https:\/\/religia.slowacki.edu.pl\/index.php?rest_route=\/wp\/v2\/types\/page"}],"author":[{"embeddable":true,"href":"https:\/\/religia.slowacki.edu.pl\/index.php?rest_route=\/wp\/v2\/users\/3"}],"replies":[{"embeddable":true,"href":"https:\/\/religia.slowacki.edu.pl\/index.php?rest_route=%2Fwp%2Fv2%2Fcomments&post=283"}],"version-history":[{"count":14,"href":"https:\/\/religia.slowacki.edu.pl\/index.php?rest_route=\/wp\/v2\/pages\/283\/revisions"}],"predecessor-version":[{"id":316,"href":"https:\/\/religia.slowacki.edu.pl\/index.php?rest_route=\/wp\/v2\/pages\/283\/revisions\/316"}],"up":[{"embeddable":true,"href":"https:\/\/religia.slowacki.edu.pl\/index.php?rest_route=\/wp\/v2\/pages\/96"}],"wp:attachment":[{"href":"https:\/\/religia.slowacki.edu.pl\/index.php?rest_route=%2Fwp%2Fv2%2Fmedia&parent=283"}],"curies":[{"name":"wp","href":"https:\/\/api.w.org\/{rel}","templated":true}]}}